e o(4).
7
Let k(n) = n**3 + 19*n**2 + 5. Determine k(-19).
5
Let a(p) = p**3 - 30*p**2 - 29*p - 34. Determine a(31).
28
Let u(h) = -h**2 - 12*h + 16. Determine u(-14).
-12
Let k(m) = 5*m - 15. What is k(5)?
10
Let w(s) = -4*s + 17. Calculate w(6).
-7
Let j(p) = 2*p + 7. Calculate j(0).
7
Let x(h) = h**3 + 18*h**2 - 19*h - 10. What is x(-19)?
-10
Let t(m) = m**2 - 2*m + 6. Give t(5).
21
Let b(u) = 2*u**2 + 13*u + 22. Give b(-5).
7
Let l(a) = -a**3 - 7*a**2 - 2*a - 7. What is l(-7)?
7
Let v(y) = y**3 + 5*y**2 - 14*y - 62. What is v(-6)?
-14
Let m(o) = -2*o**2 + 12*o - 10. Determine m(4).
6
Let a(d) = 4*d - 99. Determine a(23).
-7
Let v(b) = -6*b + 33. Calculate v(6).
-3
Let z(r) = -r**2 - 8*r - 1. Determine z(-7).
6
Let c(t) = t + 12. What is c(-4)?
8
Let l(t) = -t**2 + 15*t - 63. What is l(7)?
-7
Let z(q) = -q**3 - 36*q**2 - 158*q - 89. Give z(-31).
4
Let h(b) = -b**2 - 2. Determine h(3).
-11
Let d(j) = -10*j + 6. Calculate d(1).
-4
Let w(y) = -2*y**2 - y + 4. Determine w(-6).
-62
Let q(u) = -9*u - 21. What is q(-6)?
33
Let k(v) = -v**3 - 8*v**2 - 4*v + 7. Give k(-7).
-14
Let z(o) = o**2 - 2*o - 22. Calculate z(-4).
2
Let p(h) = -28*h - 11. Determine p(7).
-207
Let h(j) = 2*j**2 + 16*j - 1. What is h(-7)?
-15
Let v(s) = 26*s - 928. What is v(36)?
8
Let a(x) = -4*x**3 + 4*x**2 - 5*x + 4. Give a(2).
-22
Let a(w) = w**3 + 25*w**2 + 19*w - 114. Determine a(-24).
6
Let s(p) = -17*p + 6. Determine s(-2).
40
Let v(i) = i**3 + 15*i**2 + 3*i + 48. Determine v(-15).
3
Let m(w) = -w**3 - 8*w**2 - 5*w - 5. Give m(-7).
-19
Let f(q) = -2*q + 6. Give f(9).
-12
Let i(v) = -14*v + 7. Determine i(-4).
63
Let w(v) = 2*v - 50. Calculate w(32).
14
Let f(r) = -74*r + 137. Calculate f(2).
-11
Let r(w) = -7*w + 3. Determine r(4).
-25
Let b(w) = -5*w + 37. What is b(6)?
7
Let i(t) = t - 1. Give i(8).
7
Let r(o) = -2*o**2 - 46*o - 259. What is r(-10)?
1
Let b(g) = -g**3 + 5*g**2 - 25*g + 77. Determine b(4).
-7
Let v(k) = k**2 + 7*k + 15. Give v(-6).
9
Let s(g) = 11*g - 6. What is s(4)?
38
Let w(b) = 3*b - 3. What is w(4)?
9
Let t(d) = d**3 + 4*d**2 + 2*d - 2. Determine t(-3).
1
Let p(z) = -z - 15. Determine p(13).
-28
Let a(p) = 26*p + 14. Determine a(-3).
-64
Let g(b) = -15*b + 25. Give g(5).
-50
Let j(z) = z**3 + 3*z**2 - 7*z - 6. Give j(-4).
6
Let s(i) = 3*i**3 + 2*i**2 - i + 2. Give s(3).
98
Let t(h) = 7*h**2 - 3*h + 4. Give t(2).
26
Let m(k) = k**3 + 15*k**2 - 30*k + 34. Calculate m(-17).
-34
Let i(b) = -131*b - 776. Determine i(-6).
10
Let s(z) = 9*z - 99. Give s(11).
0
Let y(d) = 11*d**2 - d + 1. Give y(3).
97
Let n(h) = h**2 - 3*h - 1. Give n(-2).
9
Let l(o) = -12*o - 141. Give l(-12).
3
Let i(u) = -3*u**2 + 4*u + 1. What is i(2)?
-3
Let x(k) = 2*k**2 + 13*k - 48. Give x(-9).
-3
Let v(z) = z**2 - 12*z + 10. Calculate v(9).
-17
Let w(x) = -x**2 + 32*x + 61. Calculate w(34).
-7
Let z(w) = -49*w. Give z(1).
-49
Let t(i) = i + 6. Give t(-1).
5
Let c(y) = -11*y + 50. Calculate c(4).
6
Let f(h) = -3*h + 4. Determine f(-1).
7
Let v(d) = d**2 - 12*d + 20. What is v(4)?
-12
Let y(q) = q**2 + 7*q - 8. Give y(-7).
-8
Let o(h) = h**2 + 18*h + 32. Calculate o(-17).
15
Let o(q) = q**2 - 12*q + 15. What is o(0)?
15
Let n(w) = 7*w**2 - 18*w - 13. Determine n(3).
-4
Let n(t) = 12*t**2 - 23. Calculate n(0).
-23
Let s(l) = -l**3 + 6*l**2 - l + 1. Calculate s(5).
21
Let i(x) = -x**3 - 9*x**2 - 8*x + 2. What is i(-8)?
2
Let s(f) = -f**2 + 7*f + 9. What is s(9)?
-9
Let b(g) = -g**2 - 10*g + 8. Calculate b(-11).
-3
Let g(b) = b**2 + 8*b + 5. Give g(-8).
5
Let p(d) = d**3 - 8*d**2 + 7*d + 10. Calculate p(7).
10
Let w(l) = l**3 + 8*l**2 - 15*l - 22. Calculate w(-9).
32
Let t(j) = -j**3 + 7*j**2 + 5. Determine t(7).
5
Let f(y) = -y**3 - 5*y**2 + 7*y + 5. Calculate f(-6).
-1
Let w(a) = a**2 + 6*a - 39. Give w(-10).
1
Let v(m) = 7*m - 8. What is v(6)?
34
Let q(m) = 9*m - 57. Give q(3).
-30
Let v(a) = a**3 + 11*a**2 + 11*a + 10. Give v(-10).
0
Let m(c) = -4*c**2 + c + 1. Give m(2).
-13
Let h(i) = -3*i**3 + 7*i**2 + i + 1. Give h(3).
-14
Let f(q) = -q**3 - 21*q**2 + 21*q - 31. What is f(-22)?
-9
Let d(x) = x**3 - 6*x**2 + 9*x - 4. Give d(2).
-2
Let z(q) = -q + 38. Give z(0).
38
Let s(b) = 2*b**3 - 33*b**2 - 12*b - 36. Give s(17).
49
Let h(g) = -4*g + 31. Give h(8).
-1
Let h(f) = 6*f + 3. Calculate h(-5).
-27
Let d(r) = r - 19. What is d(15)?
-4
Let a(q) = -2*q - 37. Give a(-15).
-7
Let g(t) = -7*t**3 - 2*t**2 - 2*t - 1. What is g(-1)?
6
Let r(u) = -19*u + 16. What is r(1)?
-3
Let d(h) = -h**3 - 3*h**2 + 6*h + 8. Calculate d(-2).
-8
Let n(l) = -20*l - 2. What is n(-4)?
78
Let x(l) = l**3 + 26*l**2 - l - 35. Calculate x(-26).
-9
Let q(w) = w. What is q(-2)?
-2
Let d(k) = 7*k - 98. Calculate d(13).
-7
Let f(u) = -2*u**2 + 7*u + 1. Determine f(6).
-29
Let f(d) = 15*d**2 - 106*d + 8. Give f(7).
1
Let b(k) = k**3 + 7*k**2 - 5*k - 9. Give b(-7).
26
Let b(c) = -2*c**3 + 7*c**2 - 14*c + 17. What is b(3)?
-16
Let c(g) = -18*g + 311. What is c(17)?
5
Let g(z) = -z**3 - 2*z**2 + 22*z - 8. Calculate g(-6).
4
Let o(c) = -100*c - 2. Give o(1).
-102
Let x(u) = -u**2 - 19*u - 19. Calculate x(-18).
-1
Let p(t) = 9*t - 25. What is p(2)?
-7
Let b(i) = -12*i + 1. Determine b(4).
-47
Let s(t) = -23*t + 45. What is s(2)?
-1
Let i(b) = 4*b + 76. What is i(-22)?
-12
Let k(d) = -53*d**3 + d**2 + d. Determine k(-1).
53
Let b(m) = -m**2 + 17*m - 34. What is b(15)?
-4
Let f(y) = -2*y + 11. What is f(5)?
1
Let k(c) = 2*c - 32. Determine k(16).
0
Let i(y) = 7*y**2 + 3*y - 2. Calculate i(1).
8
Let s(d) = d + 56. What is s(24)?
80
Let c(b) = b**3 - 11*b**2 - 11*b + 4. Give c(12).
16
Let c(g) = -g**2 - 7*g + 19. What is c(-9)?
1
Let b(d) = -d**2 + 15*d - 30. What is b(13)?
-4
Let d(j) = -4*j**2 - 5*j - 2. What is d(3)?
-53
Let u(m) = 8*m - 4. Determine u(1).
4
Let n(h) = -h**3 - 14*h**2 - 15*h - 31. Give n(-13).
-5
Let q(z) = -103*z - 1138. Give q(-11).
-5
Let j(q) = -5*q**2 + 3*q - 3. Give j(3).
-39
Let i(x) = x + 11. Calculate i(-5).
6
Let l(x) = -9*x**2 - 15*x. Calculate l(-2).
-6
Let z(a) = -a - 11. Calculate z(0).
-11
Let i(z) = -2*z**2 - 12*z - 3. Give i(-5).
7
Let a(b) = -b**3 - 20*b**2 + 22*b + 31. What is a(-21)?
10
Let p(a) = a**3 + 6*a**2 - 8*a + 2. What is p(-7)?
9
Let l(r) = r**3 + 3*r**2 - 5*r - 3. Calculate l(-4).
1
Let u(n) = -n**3 + 9*n**2 - 5*n - 14. Calculate u(8).
10
Let h(k) = k - 16. Calculate h(-5).
-21
Let q(y) = -3*y**3 - 11*y**2 + 5*y - 5. Determine q(-4).
-9
Let h(i) = i**2 - 4*i - 11. Calculate h(6).
1
Let k(o) = -o**2 - o + 1. Give k(3).
-11
Let q(o) = o**3 + 7*o**2 + 12*o. Give q(-5).
-10
Let g(l) = 13*l + 328. Determine g(-28).
-36
Let l(a) = 5*a**2 + a + 3. Determine l(-3).
45
Let c(z) = -z**2 - 18*z + 16. Calculate c(-10).
96
Let n(w) = 3*w - 16. Calculate n(10).
14
Let g(z) = 3*z**2 + 3*z - 12. Give g(-4).
24
Let c(z) = 2*z**2. Determine c(-2).
8
Let k(i) = -7*i + 5. What is k(2)?
-9
Let l(f) = f**3 - 15*f**2 + 16*f - 20. What is l(14)?
8
Let c(p) = 3*p + 34. Calculate c(-10).
4
Let f(c) = -8*c + 4. Calculate f(0).
4
Let k(u) = -2*u**2 - 71*u - 46. Calculate k(-35).
-11
Let f(y) = y**3 - y**2 - 2*y. Give f(2).
0
Let f(z) = z**3 - 8*z**2 + 16*z - 5. What is f(5)?
0
Let p(q) = -3*q + 10. Determine p(-7).
31
Let u(q) = -q**3 + 8*q**2 + 13*q - 21. What is u(9)?
15
Let g(s) = 6*s + 75. Give g(-30).
-105
Let l(c) = c**2 + 9*c - 15. Determine l(-10).
-5
Let s(r) = -r**3 + 42*r**2 - 40*r - 5. Determine s(41).
36
Let s(u) = -u**2 - 20*u - 39. What is s(-19)?
-20
Let y(b) = 2*b + 21. Give y(-9).
3
Let a(l) = l**2 - 12*l - 43. Give a(-3).
2
Let w(a) = -5*a + 3. What is w(5)?
-22
Let o(u) = 2*u**2 + 42*u - 63. Calculate o(-23).
29
Let n(k) = k**2 - 2*k + 10. Calculate n(0).
10
Let d(y) = y**2 - 11*y + 21. Determine d(5).
-9
Let f(p) = -p**3 - 14*p**2 - p + 16. What is f(-14)?
30
Let m(k) = 7*k - 1. What is m(8)?
55
Let o(l) = 8*l + 28. Determine o(-4).
-4
Let b(d) = d**2 + 7*d - 9. Give b(-7).
-9
Let f(s) = 2*s**3 - 28*s**2 - 10*s + 8. What is f(14)?
-132
Let j(y) = -7*y + 10. Calculate j(7).
-39
Let z(x) = -x**2 - x + 26. Determine z(0).
26
Let u(n) = n**3 - 3*n**2 - 4*n + 3. Give u(3).
-9
Let v(r) = -r. Calculate v(11).
-11
Let z(n) = -2*n**3 - 3*n**2 + 3*n + 4. What is z(-3)?
22
Let p(t) = 2*t**3 - 51*t**2 - 27*t + 33. Calculate p(26).
7
Let r(t) = -17*t + 28. Determine r(3).
-23
Let q(u) = -52*